
8
Suppose -19*w + 11602 = -17*w + 4*i, -2*w - 6*i + 11600 = 0. What is the thousands digit of w?
5
Let h(m) = -65*m - 162. Let q be h(-26). Suppose 3*c + a - q = -a, 4 = -4*a. What is the tens digit of c?
1
Suppose 3*x = -2*x + 5. Let h be 384/x + (-4)/(-1). Suppose 0 = -5*k + 9*k - h. What is the tens digit of k?
9
Suppose 0 = 3*q - 20 + 11. What is the units digit of (q/(-9))/(733/(-366) + 2)?
2
Suppose 4 = 36*u - 34*u. Suppose -j = u*j - 33. Let w(r) = -r**3 + 11*r**2 + 16*r - 22. What is the hundreds digit of w(j)?
1
Let a(g) = 29*g**3 + 28*g**2 + 19*g - 4. Let b(w) = 44*w**3 + 41*w**2 + 29*w - 6. Let t(d) = -8*a(d) + 5*b(d). What is the hundreds digit of t(-4)?
4
Suppose 109613 = 4*b - 3*x, -4*b - 21*x = -23*x - 109614. What is the ten thousands digit of b?
2
Suppose -21102 + 3553 = -5*m - 2*u, 0 = -4*u + 8. Suppose 5*p + h = m, 4*p - 5*h = -0*h + 2784. What is the tens digit of p?
0
Suppose -21*x + 88681 = -189002. What is the thousands digit of x?
3
Let r be (-9)/((-4)/(-80)*4). Let u = r - -58. Let x(g) = g**3 - 14*g**2 + 23*g. What is the tens digit of x(u)?
3
Suppose 2*f = -2*c - c - 3572, 4*c + 5*f = -4772. Let p be (3/6)/((-1)/c*1). Suppose -9*v + p = -0*v. What is the units digit of v?
6
Let l = -88 + 84. Let o be l + (1 - 0 - -3) - -30. What is the units digit of 6176/o - -1 - 8/(-60)?
7
Let n(r) = -r**3 - 14*r**2 - r - 1. Let z be n(-14). Let c(o) = -o**3 + 17*o**2 - 35*o + 13. What is the tens digit of c(z)?
3
Let k be 107*(16/6 + -3)*-15. Suppose k = 3*j - 368. What is the units digit of j?
1
What is the units digit of (-4)/24*(-2 - 17416)?
3
Let r(f) = 6*f - 10. Let d = -83 - -85. Let s be r(d). What is the units digit of 15/6*(s + 44)?
5
Suppose -9*v + 2321 = -20*v. Let x = v + 991. What is the hundreds digit of x?
7
What is the units digit of ((-3460)/15)/((-272)/3060)?
5
Suppose 23 = 5*j + 3. Suppose 0 = 5*s + 2*w - 0*w - 27, 3*w = j*s - 17. Suppose s*x = -f + 5*f + 509, 3*x - 4*f - 299 = 0. What is the hundreds digit of x?
1
Let a(i) be the first derivative of -32*i**2 + 24*i - 63. What is the units digit of a(-9)?
0
What is the thousands digit of (-900804)/(-52) + 6/(-52)*(-56)/(-42)?
7
Let y = -2894 - -6424. What is the thousands digit of y?
3
Let n = -68671 - -110236. What is the units digit of n?
5
Let v(l) = 228*l**3 - l**2 - l + 1. Let k be 1*(4 + -4) - -1. Let u be v(k). Suppose 3*r = u + 16. What is the units digit of r?
1
Let p be ((-30)/6 + 6)*3. Suppose -4*a = 137 + 39. Let s = p - a. What is the units digit of s?
7
Let y(i) be the third derivative of i**5/12 + 7*i**4/12 + i**3/3 - 18*i**2. Let g be y(-6). Suppose 3*m - g = -4*m. What is the tens digit of m?
1
Let j(t) = 61*t**2 + 11*t - 153. What is the tens digit of j(8)?
3
Suppose 0 = -4*i - 2*j + 30250, -5*i - 2*j = -55664 + 17852. What is the units digit of i?
2
Suppose g + 7 = 2*g - x, -3*x = g + 13. Let t(c) = -3*c**2 + 2*c**2 + 14*c + 3*c**g - 17*c - 18. What is the units digit of t(9)?
7
Suppose 19*z = 58376 + 76353. What is the tens digit of z?
9
Let f be 1 - -2011*(-1 + 2). Suppose 3*o = -4*s - 299 + f, -3*o + 5*s + 1740 = 0. What is the hundreds digit of o?
5
Suppose -3*y + 6*y + 1185 = 0. Let q = -69 - y. Suppose s + z - q = -s, -817 = -5*s - 3*z. What is the tens digit of s?
6
Let d = 25650 - -10782. What is the hundreds digit of d?
4
Let h = 89 - 104. Suppose 8 = 5*n - 2. What is the tens digit of n/(1/5*h/(-96))?
6
Let y = -105 + 108. Suppose 0*l = -y*l + 120. What is the tens digit of l?
4
Let a = 78 + -73. Suppose 3*u - 2*b = 1094 + 987, -a*u + 5*b + 3460 = 0. What is the hundreds digit of u?
6
Let r be 2920 + (-30)/(-5)*1. Suppose -4*d - r = -11*d. What is the hundreds digit of d?
4
Suppose 3*z - 852 = -3*p, -4*p + 1172 = -10*z + 5*z. Suppose 2150 = p*f - 286*f. What is the units digit of f?
5
Suppose 40*q - 2*b - 18926 = 36*q, -2*q = 3*b - 9451. What is the thousands digit of q?
4
Let k(s) be the first derivative of 97*s**4/4 - s**3/3 + s**2/2 - s - 2. Suppose 2*o + 11 = 3*g, 4*o - 3 + 19 = 0. What is the units digit of k(g)?
6
Suppose 1187*p + 154830 = 1202*p. What is the hundreds digit of p?
3
Let q(k) = -238*k - 20 + 73 - 20 - 11. What is the tens digit of q(-2)?
9
Let p(h) = h**2 + 2*h + 5. Let n = 17 + -20. Let v be p(n). Suppose v*m - 64 = 6*m. What is the units digit of m?
2
Suppose -72 + 42 = 6*r. What is the units digit of (661/(-4))/(3/60*r)?
1
Suppose 5*s + 38 + 202 = 0. What is the tens digit of (-5124)/s - 1/(-4)?
0
Let g = -75 - -79. Suppose -1109 + 229 = -g*u. Let y = u - 157. What is the units digit of y?
3
Suppose -12032 = -11*j + 7*j + 14692. What is the units digit of j?
1
Suppose -m + h = -13552, 5*h + 11336 - 52024 = -3*m. What is the ten thousands digit of m?
1
Suppose 20831 = 5*q + u, 4*q + 5*u = 709 + 15981. What is the thousands digit of q?
4
Suppose 2025 + 1089 = 3*w. Suppose 7*z = w + 1384. What is the tens digit of z?
4
What is the thousands digit of ((-5)/(75/12))/((-180)/13089150)?
8
Suppose z - 4 = -o, z + 6 = 2*o - 2. Let w be (z + 0)/(-2 - 0/(-1)). Suppose -4*a - 3*y + 306 = w, -3*y + 5*y = 3*a - 221. What is the units digit of a?
5
Let g(h) = -h + 10. Let j be g(13). Let l be (12/4)/(j - (-6)/4). What is the units digit of l - 3*(2 + 11)*-1?
7
Suppose -210432 = -50142*y + 50134*y. What is the thousands digit of y?
6
What is the hundreds digit of (-22274366)/(-790) + (-6)/(-10)?
1
Let h = 106 - 83. Let i be 1*(-6)/2 + (h - 15). Suppose -140 = -2*n + i*g + 96, 5*n - 5*g = 620. What is the hundreds digit of n?
1
Let j = 99 - 97. Suppose -2*n + 628 = -j*x - 742, -688 = -n + 4*x. What is the units digit of n?
4
Let w(u) = 10*u**2 + 169*u + 428. What is the units digit of w(-28)?
6
What is the hundreds digit of -6 + 2025/(-108)*((-5504)/2 + 4)?
5
Let q(s) = -s**3 - 22*s**2 + 4*s - 53. Let w = 213 + -236. What is the tens digit of q(w)?
8
Suppose 0 = 4*l - 24, 13*h - 11014 = 8*h - 4*l. What is the thousands digit of h?
2
Suppose 0 = -3*v - 2*i + 2814, 3*i = v - 402 - 536. Let r = v - 595. What is the units digit of r?
3
Suppose 4*t - 36 = -2*t. Suppose t*f = -4*f. Let r(u) = -4*u + 81. What is the units digit of r(f)?
1
Let y(f) = -2*f**3 - 10*f**2 + 4*f - 1. Let t be y(-8). Let r = t + -207. What is the tens digit of r?
4
Let k(u) be the third derivative of -7*u**4/12 - 2*u**3 - 23*u**2. Let o be k(3). Let z = 131 + o. What is the units digit of z?
7
Let o = 4886 + -3365. Suppose -3*j + j = -4, 0 = 5*b - 2*j - o. Suppose -d + b = 4*d. What is the units digit of d?
1
Suppose 0 = v - 5 - 3. Suppose 0 = -2*p + v, 2*t + p = 3*p + 26. What is the units digit of (-3411)/(-51) + 2/t?
7
What is the tens digit of 20257/14 - (164/56 + -3)?
4
Let c(l) = 61*l**3 + 14*l - 59. What is the units digit of c(4)?
1
What is the hundreds digit of 4/72*1 + 1235571/54?
8
Let v be -1*(2 - 4)/((-1)/(-28)). Suppose g + 14 = v. Suppose j + k = 3*k + g, -2*j = 4*k - 60. What is the tens digit of j?
3
Suppose -2*z + 3 = z. Let j be -1 + z/6 + 2417/6. Let a = j + -266. What is the hundreds digit of a?
1
Let i = -6 - -12. Suppose -2*b - 4*l - 14 = 0, b + 4*l = -5 - i. What is the tens digit of b/(-6) - (-915)/10?
9
Suppose 91*m = 96*m - 10. Suppose m*v = 5*n + 1868, 4*v + 0*n = -4*n + 3764. What is the hundreds digit of v?
9
Suppose 0 = -d + 5*v + 10082, 10*d + 3*v = 9*d + 10114. What is the tens digit of d?
0
Let i be 1/(4/(-1720)*-2). Let t = i + -181. What is the units digit of t?
4
Let n be (-32151)/(-5) + ((-36)/(-20) - 2). Suppose 146*q - 151*q + n = 0. What is the thousands digit of q?
1
Suppose -4*m + 2543 = 51. Let j = 922 - m. What is the tens digit of j?
9
Let v(z) = z**3 + 11*z**2 + 10*z + 5. Let r be v(-10). Suppose -7 = h - 9, -r*b + 5*h = -805. What is the tens digit of b?
6
Let a = 26 - 28. Let j be (-1)/a*(36/6 - -2). What is the units digit of j/(-3) - 900/(-27)?
2
Suppose -6*q = -33*q + 19*q + 36592. What is the tens digit of q?
7
Let g(i) = 166*i**2 - 3*i - 95. What is the tens digit of g(5)?
4
Suppose -221*j - 107*j + 8872728 = 0. What is the hundreds digit of j?
0
Let o(i) = -6*i**3 - 2*i**2 - 2*i + 6. Let t(p) = 9*p**2 - 2*p - 2. Let w be t(-2). Let j = -41 + w. What is the hundreds digit of o(j)?
1
Suppose 2*f + 79*z - 75*z - 5692 = 0, -2*f + 3*z = -5699. What is the units digit of f?
8
Suppose -3623 + 1247 = -11*